{"id":1158,"date":"2021-01-19T16:17:53","date_gmt":"2021-01-19T16:17:53","guid":{"rendered":"https:\/\/brfsorbyangen.se\/?page_id=1158"},"modified":"2021-01-19T16:17:53","modified_gmt":"2021-01-19T16:17:53","slug":"lagtexter-och-forordningar-som-beror-bostadsrattsforeningar","status":"publish","type":"page","link":"https:\/\/brfsorbyangen.se\/?page_id=1158","title":{"rendered":"Lagtexter och f\u00f6rordningar som ber\u00f6r bostadsr\u00e4ttsf\u00f6reningar"},"content":{"rendered":"\n<p>H\u00e4r har vi samlat till\u00e4mpliga delar av lagar och f\u00f6rordningar som ber\u00f6r bostadsr\u00e4tten. L\u00e4nkarna g\u00e5r till Riksdagens lagtextsamling i Rixlex (\u00f6ppnas i nytt f\u00f6nster).<\/p>\n\n\n\n<ul class=\"wp-block-list\"><li><a href=\"http:\/\/www.riksdagen.se\/sv\/Dokument-Lagar\/Lagar\/Svenskforfattningssamling\/Bostadsrattslag-1991614_sfs-1991-614\/?bet=1991:614\" target=\"_blank\" rel=\"noreferrer noopener\">Bostadsr\u00e4ttslagen<\/a><\/li><li><a href=\"http:\/\/www.riksdagen.se\/sv\/Dokument-Lagar\/Lagar\/Svenskforfattningssamling\/Bostadsrattsforordning-19916_sfs-1991-630\/?bet=1991:630\" target=\"_blank\" rel=\"noreferrer noopener\">Bostadsr\u00e4ttsf\u00f6rordning<\/a><\/li><li><a href=\"http:\/\/www.riksdagen.se\/sv\/Dokument-Lagar\/Lagar\/Svenskforfattningssamling\/Lag-1987667-om-ekonomiska-f_sfs-1987-667\/?bet=1987:667\" target=\"_blank\" rel=\"noreferrer noopener\">Lagen om ekonomiska f\u00f6reningar (f\u00f6reningslagen<\/a>)<\/li><li><a href=\"http:\/\/www.riksdagen.se\/sv\/Dokument-Lagar\/Lagar\/Svenskforfattningssamling\/Hyresforhandlingslag-1978304_sfs-1978-304\/?bet=1978:304\" target=\"_blank\" rel=\"noreferrer noopener\">Hyresf\u00f6rhandlingslagen<\/a><\/li><li><a href=\"http:\/\/www.riksdagen.se\/sv\/Dokument-Lagar\/Lagar\/Svenskforfattningssamling\/Jordabalk-1970994_sfs-1970-994\/?bet=1970:994#K12\" target=\"_blank\" rel=\"noreferrer noopener\">Hyreslagen (kapitel 12)<\/a><\/li><li><a href=\"http:\/\/www.riksdagen.se\/sv\/Dokument-Lagar\/Lagar\/Svenskforfattningssamling\/Lag-19831046-om-skyldighet-_sfs-1983-1046\/?bet=1983:1046\" target=\"_blank\" rel=\"noreferrer noopener\">Lag om l\u00e4genhetsf\u00f6rteckning<\/a><\/li><li><a href=\"http:\/\/www.riksdagen.se\/sv\/Dokument-Lagar\/Lagar\/Svenskforfattningssamling\/Lag-1982352-om-ratt-till-fa_sfs-1982-352\/?bet=1982:352\" target=\"_blank\" rel=\"noreferrer noopener\">Ombildningslagen<\/a><\/li><li><a href=\"http:\/\/www.riksdagen.se\/sv\/Dokument-Lagar\/Lagar\/Svenskforfattningssamling\/Lag-1991615-om-omregistreri_sfs-1991-615\/?bet=1991:615\" target=\"_blank\" rel=\"noreferrer noopener\">Omregistreringslagen<\/a><\/li><\/ul>\n","protected":false},"excerpt":{"rendered":"<p>H\u00e4r har vi samlat till\u00e4mpliga delar av lagar och f\u00f6rordningar som ber\u00f6r bostadsr\u00e4tten. L\u00e4nkarna g\u00e5r till Riksdagens lagtextsamling i Rixlex (\u00f6ppnas i nytt f\u00f6nster). Bostadsr\u00e4ttslagen Bostadsr\u00e4ttsf\u00f6rordning Lagen om ekonomiska f\u00f6reningar (f\u00f6reningslagen) Hyresf\u00f6rhandlingslagen Hyreslagen (kapitel 12) Lag om l\u00e4genhetsf\u00f6rteckning Ombildningslagen Omregistreringslagen<\/p>\n","protected":false},"author":2,"featured_media":0,"parent":0,"menu_order":0,"comment_status":"closed","ping_status":"closed","template":"","meta":{"footnotes":""},"class_list":["post-1158","page","type-page","status-publish","hentry"],"_links":{"self":[{"href":"https:\/\/brfsorbyangen.se\/index.php?rest_route=\/wp\/v2\/pages\/1158","targetHints":{"allow":["GET"]}}],"collection":[{"href":"https:\/\/brfsorbyangen.se\/index.php?rest_route=\/wp\/v2\/pages"}],"about":[{"href":"https:\/\/brfsorbyangen.se\/index.php?rest_route=\/wp\/v2\/types\/page"}],"author":[{"embeddable":true,"href":"https:\/\/brfsorbyangen.se\/index.php?rest_route=\/wp\/v2\/users\/2"}],"replies":[{"embeddable":true,"href":"https:\/\/brfsorbyangen.se\/index.php?rest_route=%2Fwp%2Fv2%2Fcomments&post=1158"}],"version-history":[{"count":1,"href":"https:\/\/brfsorbyangen.se\/index.php?rest_route=\/wp\/v2\/pages\/1158\/revisions"}],"predecessor-version":[{"id":1159,"href":"https:\/\/brfsorbyangen.se\/index.php?rest_route=\/wp\/v2\/pages\/1158\/revisions\/1159"}],"wp:attachment":[{"href":"https:\/\/brfsorbyangen.se\/index.php?rest_route=%2Fwp%2Fv2%2Fmedia&parent=1158"}],"curies":[{"name":"wp","href":"https:\/\/api.w.org\/{rel}","templated":true}]}}