{"id":181,"date":"2018-08-15T08:20:40","date_gmt":"2018-08-15T08:20:40","guid":{"rendered":"https:\/\/brfsorbyangen.se\/?page_id=181"},"modified":"2025-01-11T13:56:45","modified_gmt":"2025-01-11T13:56:45","slug":"skadedjursbekampning","status":"publish","type":"page","link":"https:\/\/brfsorbyangen.se\/?page_id=181","title":{"rendered":"F\u00f6rs\u00e4kring och skadedjursbek\u00e4mpning"},"content":{"rendered":"\n<p><strong>Vi har avtal med L\u00e4nsf\u00f6rs\u00e4kringar, vid problem med skadedjur ring direkt till dom.<br><br>F\u00f6reningen har tecknat bostadsr\u00e4ttstill\u00e4gg med L\u00e4nsf\u00f6rs\u00e4kringar.<br><br>F\u00f6rs\u00e4kringsnummer hos L\u00e4nsf\u00f6rs\u00e4kringar \u00e4r 2518023*01 och v\u00e5rt organisationsnummer \u00e4r 769629-5422.<\/strong><\/p>\n\n\n\n<p><\/p>\n","protected":false},"excerpt":{"rendered":"<p>Vi har avtal med L\u00e4nsf\u00f6rs\u00e4kringar, vid problem med skadedjur ring direkt till dom. F\u00f6reningen har tecknat bostadsr\u00e4ttstill\u00e4gg med L\u00e4nsf\u00f6rs\u00e4kringar. F\u00f6rs\u00e4kringsnummer hos L\u00e4nsf\u00f6rs\u00e4kringar \u00e4r 2518023*01 och v\u00e5rt organisationsnummer \u00e4r 769629-5422.<\/p>\n","protected":false},"author":2,"featured_media":0,"parent":0,"menu_order":0,"comment_status":"closed","ping_status":"closed","template":"","meta":{"footnotes":""},"class_list":["post-181","page","type-page","status-publish","hentry"],"_links":{"self":[{"href":"https:\/\/brfsorbyangen.se\/index.php?rest_route=\/wp\/v2\/pages\/181","targetHints":{"allow":["GET"]}}],"collection":[{"href":"https:\/\/brfsorbyangen.se\/index.php?rest_route=\/wp\/v2\/pages"}],"about":[{"href":"https:\/\/brfsorbyangen.se\/index.php?rest_route=\/wp\/v2\/types\/page"}],"author":[{"embeddable":true,"href":"https:\/\/brfsorbyangen.se\/index.php?rest_route=\/wp\/v2\/users\/2"}],"replies":[{"embeddable":true,"href":"https:\/\/brfsorbyangen.se\/index.php?rest_route=%2Fwp%2Fv2%2Fcomments&post=181"}],"version-history":[{"count":6,"href":"https:\/\/brfsorbyangen.se\/index.php?rest_route=\/wp\/v2\/pages\/181\/revisions"}],"predecessor-version":[{"id":1694,"href":"https:\/\/brfsorbyangen.se\/index.php?rest_route=\/wp\/v2\/pages\/181\/revisions\/1694"}],"wp:attachment":[{"href":"https:\/\/brfsorbyangen.se\/index.php?rest_route=%2Fwp%2Fv2%2Fmedia&parent=181"}],"curies":[{"name":"wp","href":"https:\/\/api.w.org\/{rel}","templated":true}]}}