{"id":184,"date":"2018-08-15T08:34:28","date_gmt":"2018-08-15T08:34:28","guid":{"rendered":"https:\/\/brfsorbyangen.se\/?page_id=184"},"modified":"2026-03-20T08:48:32","modified_gmt":"2026-03-20T08:48:32","slug":"felanmalan","status":"publish","type":"page","link":"https:\/\/brfsorbyangen.se\/?page_id=184","title":{"rendered":"Felanm\u00e4lan"},"content":{"rendered":"\n<div class=\"wp-block-group\"><div class=\"wp-block-group__inner-container is-layout-flow wp-block-group-is-layout-flow\">\n<p>Felanm\u00e4lan g\u00f6rs till <a href=\"mailto:fel@brfsorbyangen.se\">fel@brfsorbyangen.se<\/a> &#8211; f\u00f6reningen tar sedan st\u00e4llning till om vi hanterar anm\u00e4lan internt eller l\u00e4gger ut det p\u00e5 extern leverant\u00f6r. <br>Allt detta f\u00f6r att spara pengar till f\u00f6reningen.<br>Akuta fel ska skickas till Riksbyggen och st\u00f6rningar till Avarn. <br>G\u00f6r du felanm\u00e4lan eller best\u00e4llning till annat f\u00f6retag riskerar du att du sj\u00e4lv f\u00e5r ta den kostnaden.<a href=\"mailto:orebro@botrygg.se\"><\/a><\/p>\n<\/div><\/div>\n\n\n\n<p><\/p>\n","protected":false},"excerpt":{"rendered":"<p>Felanm\u00e4lan g\u00f6rs till fel@brfsorbyangen.se &#8211; f\u00f6reningen tar sedan st\u00e4llning till om vi hanterar anm\u00e4lan internt eller l\u00e4gger ut det p\u00e5 extern leverant\u00f6r. Allt detta f\u00f6r att spara pengar till f\u00f6reningen.Akuta fel ska skickas till Riksbyggen och st\u00f6rningar till Avarn. G\u00f6r &hellip; <a href=\"https:\/\/brfsorbyangen.se\/?page_id=184\">Forts\u00e4tt l\u00e4sa <span class=\"meta-nav\">&rarr;<\/span><\/a><\/p>\n","protected":false},"author":2,"featured_media":0,"parent":0,"menu_order":0,"comment_status":"closed","ping_status":"closed","template":"","meta":{"footnotes":""},"class_list":["post-184","page","type-page","status-publish","hentry"],"_links":{"self":[{"href":"https:\/\/brfsorbyangen.se\/index.php?rest_route=\/wp\/v2\/pages\/184","targetHints":{"allow":["GET"]}}],"collection":[{"href":"https:\/\/brfsorbyangen.se\/index.php?rest_route=\/wp\/v2\/pages"}],"about":[{"href":"https:\/\/brfsorbyangen.se\/index.php?rest_route=\/wp\/v2\/types\/page"}],"author":[{"embeddable":true,"href":"https:\/\/brfsorbyangen.se\/index.php?rest_route=\/wp\/v2\/users\/2"}],"replies":[{"embeddable":true,"href":"https:\/\/brfsorbyangen.se\/index.php?rest_route=%2Fwp%2Fv2%2Fcomments&post=184"}],"version-history":[{"count":26,"href":"https:\/\/brfsorbyangen.se\/index.php?rest_route=\/wp\/v2\/pages\/184\/revisions"}],"predecessor-version":[{"id":1839,"href":"https:\/\/brfsorbyangen.se\/index.php?rest_route=\/wp\/v2\/pages\/184\/revisions\/1839"}],"wp:attachment":[{"href":"https:\/\/brfsorbyangen.se\/index.php?rest_route=%2Fwp%2Fv2%2Fmedia&parent=184"}],"curies":[{"name":"wp","href":"https:\/\/api.w.org\/{rel}","templated":true}]}}