{"id":369,"date":"2018-09-21T08:22:48","date_gmt":"2018-09-21T08:22:48","guid":{"rendered":"https:\/\/brfsorbyangen.se\/?page_id=369"},"modified":"2026-01-31T13:53:49","modified_gmt":"2026-01-31T13:53:49","slug":"parkering-och-ko","status":"publish","type":"page","link":"https:\/\/brfsorbyangen.se\/?page_id=369","title":{"rendered":"Parkering, felparkerade bilar och bommen."},"content":{"rendered":"\n<p><strong>Det \u00e4r givetvis endast p\u00e5 hyrda platser p\u00e5 innerg\u00e5rden det \u00e4r till\u00e5tet att parkera. Vi har en g\u00e4stparkering som ligger mellan nummer 75 och milj\u00f6rummet, den bokas med bokningstavlan i nummer 59. Varje hush\u00e5ll kan i normalfallet hyra en bilplats. F\u00f6r att st\u00e4lla sig i k\u00f6 till bilplats ska medlem anm\u00e4la sig till v\u00e5r mail <a href=\"mailto:parkering@brfsorbyangen.se\">parkering@brfsorbyangen.se<\/a>. Vi har tv\u00e5 olika k\u00f6er; bilplats och bilplats med laddstolpe. Man kan st\u00e5 i b\u00e5da k\u00f6erna samtidigt.\u00a0<\/strong><\/p>\n\n\n\n<p><strong>Vid infarten till f\u00f6reningens parkeringsplats finns en bom. Alla som hyr en parkeringsplats f\u00e5r kvittera ut en fj\u00e4rrkontroll som anv\u00e4nds f\u00f6r att \u00f6ppna bommen. Skulle bommen fastna finns det en n\u00f6d\u00f6ppningsnyckel med instruktioner bredvid bokningstavlan p\u00e5 bottenplan i nummer 59. Fr\u00e5gor om fj\u00e4rrkontroll\/bom b\u00f6r skickas till <a href=\"mailto:parkering@brfsorbyangen.se\">parkering@brfsorbyangen.se<\/a>&nbsp;<\/strong><\/p>\n\n\n\n<p><strong>Upps\u00e4gning av parkeringsplats g\u00f6rs ocks\u00e5 via <a href=\"mailto:parkering@brfsorbyangen.se\">parkering@brfsorbyangen.se<\/a>. Om l\u00e4genheten s\u00e4ljs upph\u00f6r medlemskapet i v\u00e5r f\u00f6rening och d\u00e4rmed r\u00e4tten att hyra bilplats. Detta inneb\u00e4r vidare att parkeringsplatsen inte ing\u00e5r vid en andrahanduthyrning. Fj\u00e4rrkontrollen ska \u00e5terl\u00e4mnas till f\u00f6reningens l\u00e5da i nummer 59 (utanf\u00f6r \u00f6vernattningsrummet) med uppgift om vem som l\u00e4mnat in den och n\u00e4r hyresavtalet upph\u00f6r.\u00a0<\/strong><\/p>\n\n\n\n<p><strong>Du ansvarar sj\u00e4lv f\u00f6r att skotta din parkeringsplats, det finns sn\u00f6skyffel att l\u00e5na i varje soprum.&nbsp;<\/strong><\/p>\n\n\n\n<p><strong>Vid felaktigt parkerad bil p\u00e5 din hyrda plats ringer du 021-31 45 60 s\u00e5 kommer Avarn\/Bevakningscentralen och utf\u00e4rdar en kontrollavgift p\u00e5 den felparkerade bilen.<\/strong><\/p>\n","protected":false},"excerpt":{"rendered":"<p>Det \u00e4r givetvis endast p\u00e5 hyrda platser p\u00e5 innerg\u00e5rden det \u00e4r till\u00e5tet att parkera. Vi har en g\u00e4stparkering som ligger mellan nummer 75 och milj\u00f6rummet, den bokas med bokningstavlan i nummer 59. Varje hush\u00e5ll kan i normalfallet hyra en bilplats. &hellip; <a href=\"https:\/\/brfsorbyangen.se\/?page_id=369\">Forts\u00e4tt l\u00e4sa <span class=\"meta-nav\">&rarr;<\/span><\/a><\/p>\n","protected":false},"author":2,"featured_media":0,"parent":0,"menu_order":0,"comment_status":"closed","ping_status":"closed","template":"","meta":{"footnotes":""},"class_list":["post-369","page","type-page","status-publish","hentry"],"_links":{"self":[{"href":"https:\/\/brfsorbyangen.se\/index.php?rest_route=\/wp\/v2\/pages\/369","targetHints":{"allow":["GET"]}}],"collection":[{"href":"https:\/\/brfsorbyangen.se\/index.php?rest_route=\/wp\/v2\/pages"}],"about":[{"href":"https:\/\/brfsorbyangen.se\/index.php?rest_route=\/wp\/v2\/types\/page"}],"author":[{"embeddable":true,"href":"https:\/\/brfsorbyangen.se\/index.php?rest_route=\/wp\/v2\/users\/2"}],"replies":[{"embeddable":true,"href":"https:\/\/brfsorbyangen.se\/index.php?rest_route=%2Fwp%2Fv2%2Fcomments&post=369"}],"version-history":[{"count":25,"href":"https:\/\/brfsorbyangen.se\/index.php?rest_route=\/wp\/v2\/pages\/369\/revisions"}],"predecessor-version":[{"id":1819,"href":"https:\/\/brfsorbyangen.se\/index.php?rest_route=\/wp\/v2\/pages\/369\/revisions\/1819"}],"wp:attachment":[{"href":"https:\/\/brfsorbyangen.se\/index.php?rest_route=%2Fwp%2Fv2%2Fmedia&parent=369"}],"curies":[{"name":"wp","href":"https:\/\/api.w.org\/{rel}","templated":true}]}}