{"id":501,"date":"2019-01-07T15:15:13","date_gmt":"2019-01-07T15:15:13","guid":{"rendered":"https:\/\/brfsorbyangen.se\/?page_id=501"},"modified":"2022-05-21T13:14:05","modified_gmt":"2022-05-21T13:14:05","slug":"sotning-av-eldstader-info-ifran-orebro-brandkar","status":"publish","type":"page","link":"https:\/\/brfsorbyangen.se\/?page_id=501","title":{"rendered":"Sotning av eldst\u00e4der &#8211; info ifr\u00e5n \u00d6rebro brandk\u00e5r"},"content":{"rendered":"<h2>Trivseleldning<\/h2>\n<p>Enligt MSBs allm\u00e4nna r\u00e5d om brandskyddskontroll \u00e4r trivseleldning definierat s\u00e5som eldning i korta eldningscykler n\u00e5gon g\u00e5ng (1) per vecka. \u00d6versatt i m\u00e4ngden f\u00f6rbrukat br\u00e4nsle kan detta inneb\u00e4ra en maximal ungef\u00e4rlig \u00e5rlig f\u00f6rbrukning p\u00e5 cirka 1 m\u00b3 ved. Om eldning sker i lokaleldst\u00e4der kan sotning g\u00f6ras enligt f\u00f6ljande.<\/p>\n<h2>Frist Till\u00e4mpningskriterier<\/h2>\n<p>1 \u00e5r &#8211; Avser eldst\u00e4der som utg\u00f6r den huvudsakliga k\u00e4llan f\u00f6r uppv\u00e4rmning av det rum d\u00e4r eldstaden \u00e4r uppst\u00e4lld eller f\u00f6r matlagning.<\/p>\n<p>3 \u00e5r &#8211; Avser eldst\u00e4der som eldas i mindre omfattning och som inte \u00e4r den huvudsakliga k\u00e4llan f\u00f6r uppv\u00e4rmning av det rum d\u00e4r eldstaden \u00e4r uppst\u00e4lld eller f\u00f6r matlagning.<\/p>\n<p>3 \u00e5r &#8211; Eldstaden finns i ett fritidshus<\/p>\n<p><em><strong>Detta inneb\u00e4r att de som har kaminer i sina l\u00e4genheter skall ansvar f\u00f6r sotning av dessa var 3:e \u00e5r. Sotning i \u00d6rebro utf\u00f6rs av <a href=\"https:\/\/www.orebrosotarn.se\/\" target=\"_blank\" rel=\"noopener\">\u00d6rebrosotarn<\/a> med telefonnummer: 019-17 00 70.<br \/>\nInfo finns ocks\u00e5 p\u00e5 <a href=\"https:\/\/www.nerikesbrandkar.se\/privatperson\/sotningochbrandskyddskontroll.4.4a7fc109155fda1a395b319a.html\" target=\"_blank\" rel=\"noopener\">Nerikes brandk\u00e5r&#8217;s hemsida kring detta<\/a>.<\/strong><\/em><\/p>\n","protected":false},"excerpt":{"rendered":"<p>Trivseleldning Enligt MSBs allm\u00e4nna r\u00e5d om brandskyddskontroll \u00e4r trivseleldning definierat s\u00e5som eldning i korta eldningscykler n\u00e5gon g\u00e5ng (1) per vecka. \u00d6versatt i m\u00e4ngden f\u00f6rbrukat br\u00e4nsle kan detta inneb\u00e4ra en maximal ungef\u00e4rlig \u00e5rlig f\u00f6rbrukning p\u00e5 cirka 1 m\u00b3 ved. Om eldning &hellip; <a href=\"https:\/\/brfsorbyangen.se\/?page_id=501\">Forts\u00e4tt l\u00e4sa <span class=\"meta-nav\">&rarr;<\/span><\/a><\/p>\n","protected":false},"author":2,"featured_media":0,"parent":0,"menu_order":0,"comment_status":"closed","ping_status":"closed","template":"","meta":{"footnotes":""},"class_list":["post-501","page","type-page","status-publish","hentry"],"_links":{"self":[{"href":"https:\/\/brfsorbyangen.se\/index.php?rest_route=\/wp\/v2\/pages\/501","targetHints":{"allow":["GET"]}}],"collection":[{"href":"https:\/\/brfsorbyangen.se\/index.php?rest_route=\/wp\/v2\/pages"}],"about":[{"href":"https:\/\/brfsorbyangen.se\/index.php?rest_route=\/wp\/v2\/types\/page"}],"author":[{"embeddable":true,"href":"https:\/\/brfsorbyangen.se\/index.php?rest_route=\/wp\/v2\/users\/2"}],"replies":[{"embeddable":true,"href":"https:\/\/brfsorbyangen.se\/index.php?rest_route=%2Fwp%2Fv2%2Fcomments&post=501"}],"version-history":[{"count":3,"href":"https:\/\/brfsorbyangen.se\/index.php?rest_route=\/wp\/v2\/pages\/501\/revisions"}],"predecessor-version":[{"id":1471,"href":"https:\/\/brfsorbyangen.se\/index.php?rest_route=\/wp\/v2\/pages\/501\/revisions\/1471"}],"wp:attachment":[{"href":"https:\/\/brfsorbyangen.se\/index.php?rest_route=%2Fwp%2Fv2%2Fmedia&parent=501"}],"curies":[{"name":"wp","href":"https:\/\/api.w.org\/{rel}","templated":true}]}}