{"id":926,"date":"2020-07-18T15:56:23","date_gmt":"2020-07-18T15:56:23","guid":{"rendered":"https:\/\/brfsorbyangen.se\/?page_id=926"},"modified":"2024-06-16T11:53:56","modified_gmt":"2024-06-16T11:53:56","slug":"bokning-av-overnattningslagenheten","status":"publish","type":"page","link":"https:\/\/brfsorbyangen.se\/?page_id=926","title":{"rendered":"\u00d6vernattningsrum"},"content":{"rendered":"\n<p class=\"has-text-align-left\"><strong>Ska du f\u00e5 g\u00e4ster som ska sova \u00f6ver? &#8211;<\/strong> <strong>vi har en litet \u00f6vernattningsrum p\u00e5 nedre botten i nummer 59. <\/strong><br><strong>Det finns en dubbels\u00e4ng, TV med Tele2&#8217;s standardkanaler, ett litet kylsk\u00e5p, Wi-Fi och toalett samt st\u00e4dutrustning. Rummet kan bokas av alla som \u00e4r medlemmar i v\u00e5r f\u00f6rening. Tanken \u00e4r att det skall vara som ett extra g\u00e4strum, f\u00f6r v\u00e4nner och sl\u00e4ktingar som h\u00e4lsar p\u00e5.<\/strong><br><strong>Med tanke p\u00e5 alla som har allergier till\u00e5ter vi inte p\u00e4lsdjur, starka dofter eller n\u00f6tter i rummet<br>Vi har satt en begr\u00e4nsning p\u00e5 maximalt tre n\u00e4tter per m\u00e5nad och l\u00e4genhet f\u00f6r att fler ska f\u00e5 m\u00f6jlighet att anv\u00e4nda den. <\/strong><br><strong>Priset \u00e4r 200 kronor per natt och betalning sker <em>innan<\/em> till f\u00f6reningens Swish p\u00e5 123-649 99 66 &#8211; ange alltid datum som meddelande.<br>T\u00e4cken och kuddar finns men lakan, <strong>\u00f6rngott<\/strong> och handdukar tar man med sj\u00e4lv och du som bokar ansvarar f\u00f6r att det blir st\u00e4dat efter\u00e5t. <\/strong><br><strong>Skulle st\u00e4dning, sopor etc inte fungera tar vi dit en st\u00e4dfirma och du som bokat f\u00e5r st\u00e5 f\u00f6r den kostnaden.<\/strong><\/p>\n\n\n\n<p class=\"has-text-align-left\"><strong>Det g\u00e5r att komma in med samma tagg man bokat med fr\u00e5n 12.10 dagen bokningen g\u00e4ller. <em>OBS &#8211; man m\u00e5ste &#8221;aktivera&#8221; bokningen genom att g\u00e5 in f\u00f6re midnatt &#8211;<\/em> taggen till klockan 12 dagen efter.<br>Givetvis g\u00e4ller h\u00e4r samma <a href=\"https:\/\/brfsorbyangen.se\/?page_id=269\">trivselregler<\/a> som i \u00f6vrigt hos oss i f\u00f6reningen.<\/strong><\/p>\n\n\n\n<p class=\"has-text-align-justify\"><img loading=\"lazy\" decoding=\"async\" width=\"220\" height=\"220\" class=\"wp-image-975\" style=\"width: 220px;\" src=\"https:\/\/brfsorbyangen.se\/wp-content\/uploads\/2020\/08\/O\u0308vernattningsrum.jpg\" alt=\"\" srcset=\"https:\/\/brfsorbyangen.se\/wp-content\/uploads\/2020\/08\/O\u0308vernattningsrum.jpg 2048w, https:\/\/brfsorbyangen.se\/wp-content\/uploads\/2020\/08\/O\u0308vernattningsrum-300x300.jpg 300w, https:\/\/brfsorbyangen.se\/wp-content\/uploads\/2020\/08\/O\u0308vernattningsrum-1024x1024.jpg 1024w, https:\/\/brfsorbyangen.se\/wp-content\/uploads\/2020\/08\/O\u0308vernattningsrum-100x100.jpg 100w, https:\/\/brfsorbyangen.se\/wp-content\/uploads\/2020\/08\/O\u0308vernattningsrum-768x768.jpg 768w, https:\/\/brfsorbyangen.se\/wp-content\/uploads\/2020\/08\/O\u0308vernattningsrum-1536x1536.jpg 1536w\" sizes=\"auto, (max-width: 220px) 100vw, 220px\" \/><\/p>\n\n\n\n<p><strong><strong>Bokning sker utanf\u00f6r \u00f6vernattningsrummet l\u00e4ngst ner i nummer 59<\/strong> &#8211; kom ih\u00e5g att det \u00e4r samma tagg som bokar som man kommer in med. <meta charset=\"utf-8\"><strong>Bokning kan man g\u00f6ra upp till 30 dagar innan.<\/strong><br>Till h\u00f6ger innanf\u00f6r d\u00f6rren h\u00e4nger det tv\u00e5 nycklar och taggar som g\u00e5r till rummet och alla portuppg\u00e5ngar<\/strong><\/p>\n","protected":false},"excerpt":{"rendered":"<p>Ska du f\u00e5 g\u00e4ster som ska sova \u00f6ver? &#8211; vi har en litet \u00f6vernattningsrum p\u00e5 nedre botten i nummer 59. Det finns en dubbels\u00e4ng, TV med Tele2&#8217;s standardkanaler, ett litet kylsk\u00e5p, Wi-Fi och toalett samt st\u00e4dutrustning. Rummet kan bokas av &hellip; <a href=\"https:\/\/brfsorbyangen.se\/?page_id=926\">Forts\u00e4tt l\u00e4sa <span class=\"meta-nav\">&rarr;<\/span><\/a><\/p>\n","protected":false},"author":2,"featured_media":0,"parent":0,"menu_order":0,"comment_status":"closed","ping_status":"closed","template":"","meta":{"footnotes":""},"class_list":["post-926","page","type-page","status-publish","hentry"],"_links":{"self":[{"href":"https:\/\/brfsorbyangen.se\/index.php?rest_route=\/wp\/v2\/pages\/926","targetHints":{"allow":["GET"]}}],"collection":[{"href":"https:\/\/brfsorbyangen.se\/index.php?rest_route=\/wp\/v2\/pages"}],"about":[{"href":"https:\/\/brfsorbyangen.se\/index.php?rest_route=\/wp\/v2\/types\/page"}],"author":[{"embeddable":true,"href":"https:\/\/brfsorbyangen.se\/index.php?rest_route=\/wp\/v2\/users\/2"}],"replies":[{"embeddable":true,"href":"https:\/\/brfsorbyangen.se\/index.php?rest_route=%2Fwp%2Fv2%2Fcomments&post=926"}],"version-history":[{"count":24,"href":"https:\/\/brfsorbyangen.se\/index.php?rest_route=\/wp\/v2\/pages\/926\/revisions"}],"predecessor-version":[{"id":1651,"href":"https:\/\/brfsorbyangen.se\/index.php?rest_route=\/wp\/v2\/pages\/926\/revisions\/1651"}],"wp:attachment":[{"href":"https:\/\/brfsorbyangen.se\/index.php?rest_route=%2Fwp%2Fv2%2Fmedia&parent=926"}],"curies":[{"name":"wp","href":"https:\/\/api.w.org\/{rel}","templated":true}]}}